{"id":227,"date":"2014-07-15T23:32:27","date_gmt":"2014-07-15T21:32:27","guid":{"rendered":"https:\/\/neurozentrum.co.at\/?page_id=227"},"modified":"2020-11-10T09:41:22","modified_gmt":"2020-11-10T07:41:22","slug":"oeffnungszeiten","status":"publish","type":"page","link":"https:\/\/neurozentrum.co.at\/?page_id=227","title":{"rendered":"\u00d6ffnungszeiten \/ Infos"},"content":{"rendered":"<p style=\"text-align: center;\"><span style=\"font-family: arial,helvetica,sans-serif;\"><strong>Liebe Patienten und Patientinnen!<\/strong><\/span><\/p>\n<p style=\"text-align: center;\"><span style=\"font-size: 10pt; font-family: arial,helvetica,sans-serif;\"> Herzlich Willkommen in unserer Ordination Bahngasse 33a in Wiener Neustadt!<\/span><br \/>\n<span style=\"font-size: 10pt; font-family: arial,helvetica,sans-serif;\"> Wir sind stets bem\u00fcht, den Besuch unserer Patienten so angenehm wie m\u00f6glich zu gestalten<\/span><br \/>\n<span style=\"font-size: 10pt; font-family: arial,helvetica,sans-serif;\"> und uns f\u00fcr jeden Einzelnen ausf\u00fchrlich Zeit zu nehmen.<\/span><br \/>\n<span style=\"font-size: 10pt; font-family: arial,helvetica,sans-serif;\"> Wir freuen uns auf Ihren Besuch in unserer Praxis und nehmen gerne Ihre telefonische oder schriftliche Anfrage entgegen!<\/span><br \/>\n<span style=\"font-size: 12pt; font-family: arial,helvetica,sans-serif;\"><br \/>\nIhr Team der Ordination<\/span><br \/>\n<span style=\"font-size: 12pt; font-family: arial,helvetica,sans-serif;\"> Dr. Franz Grie\u00dfmayer!<\/span><\/p>\n<p style=\"text-align: center;\"><span style=\"font-family: arial,helvetica,sans-serif;\"> <strong>Unsere \u00d6ffnungszeiten sind:<\/strong><\/span><br \/>\n<span style=\"font-size: 12pt; font-family: arial,helvetica,sans-serif;\"> Mo 14:00-19:00<\/span><br \/>\n<span style=\"font-size: 12pt; font-family: arial,helvetica,sans-serif;\"> Di\u00a0 8:00-13:00<\/span><br \/>\n<span style=\"font-size: 12pt; font-family: arial,helvetica,sans-serif;\"> Mi 8:00-13:00, 14:00-18:00<\/span><br \/>\n<span style=\"font-size: 12pt; font-family: arial,helvetica,sans-serif;\"> Do 8:00-13:00<\/span><\/p>\n<p style=\"text-align: center;\"><span style=\"font-family: arial,helvetica,sans-serif;\"><span style=\"font-size: 12pt;\">Privat nach Vereinbarung<\/span><\/span><br \/>\nTel: 02622\/23069<\/p>\n<p style=\"text-align: center;\">\n","protected":false},"excerpt":{"rendered":"<p>Liebe Patienten und Patientinnen! Herzlich Willkommen in unserer Ordination Bahngasse 33a in Wiener Neustadt! Wir sind stets bem\u00fcht, den Besuch unserer Patienten so angenehm wie m\u00f6glich zu gestalten und uns f\u00fcr jeden Einzelnen ausf\u00fchrlich Zeit zu nehmen. Wir freuen uns auf Ihren Besuch in unserer Praxis und nehmen gerne Ihre telefonische oder schriftliche Anfrage entgegen! [&hellip;]<\/p>\n","protected":false},"author":1,"featured_media":0,"parent":0,"menu_order":0,"comment_status":"closed","ping_status":"closed","template":"","meta":{"footnotes":""},"class_list":["post-227","page","type-page","status-publish","hentry"],"yoast_head":"<!-- This site is optimized with the Yoast SEO plugin v26.8 - https:\/\/yoast.com\/product\/yoast-seo-wordpress\/ -->\n<title>\u00d6ffnungszeiten \/ Infos - Neurozentrum Wiener Neustadt<\/title>\n<meta name=\"description\" content=\"Ordination Dr. Grie\u00dfmayer; Neurozentrum Wiener Neustadt; \u00d6ffnungszeiten\" \/>\n<meta name=\"robots\" content=\"index, follow, max-snippet:-1, max-image-preview:large, max-video-preview:-1\" \/>\n<link rel=\"canonical\" href=\"https:\/\/neurozentrum.co.at\/?page_id=227\" \/>\n<meta property=\"og:locale\" content=\"de_DE\" \/>\n<meta property=\"og:type\" content=\"article\" \/>\n<meta property=\"og:title\" content=\"\u00d6ffnungszeiten \/ Infos - Neurozentrum Wiener Neustadt\" \/>\n<meta property=\"og:description\" content=\"Ordination Dr. Grie\u00dfmayer; Neurozentrum Wiener Neustadt; \u00d6ffnungszeiten\" \/>\n<meta property=\"og:url\" content=\"https:\/\/neurozentrum.co.at\/?page_id=227\" \/>\n<meta property=\"og:site_name\" content=\"Neurozentrum Wiener Neustadt\" \/>\n<meta property=\"article:modified_time\" content=\"2020-11-10T07:41:22+00:00\" \/>\n<meta name=\"twitter:card\" content=\"summary_large_image\" \/>\n<script type=\"application\/ld+json\" class=\"yoast-schema-graph\">{\"@context\":\"https:\/\/schema.org\",\"@graph\":[{\"@type\":\"WebPage\",\"@id\":\"https:\/\/neurozentrum.co.at\/?page_id=227\",\"url\":\"https:\/\/neurozentrum.co.at\/?page_id=227\",\"name\":\"\u00d6ffnungszeiten \/ Infos - Neurozentrum Wiener Neustadt\",\"isPartOf\":{\"@id\":\"https:\/\/neurozentrum.co.at\/#website\"},\"datePublished\":\"2014-07-15T21:32:27+00:00\",\"dateModified\":\"2020-11-10T07:41:22+00:00\",\"description\":\"Ordination Dr. Grie\u00dfmayer; Neurozentrum Wiener Neustadt; \u00d6ffnungszeiten\",\"breadcrumb\":{\"@id\":\"https:\/\/neurozentrum.co.at\/?page_id=227#breadcrumb\"},\"inLanguage\":\"de\",\"potentialAction\":[{\"@type\":\"ReadAction\",\"target\":[\"https:\/\/neurozentrum.co.at\/?page_id=227\"]}]},{\"@type\":\"BreadcrumbList\",\"@id\":\"https:\/\/neurozentrum.co.at\/?page_id=227#breadcrumb\",\"itemListElement\":[{\"@type\":\"ListItem\",\"position\":1,\"name\":\"Startseite\",\"item\":\"https:\/\/neurozentrum.co.at\/\"},{\"@type\":\"ListItem\",\"position\":2,\"name\":\"\u00d6ffnungszeiten \/ Infos\"}]},{\"@type\":\"WebSite\",\"@id\":\"https:\/\/neurozentrum.co.at\/#website\",\"url\":\"https:\/\/neurozentrum.co.at\/\",\"name\":\"Neurozentrum Wiener Neustadt\",\"description\":\"Dr. Franz Grie\u00dfmayer\",\"potentialAction\":[{\"@type\":\"SearchAction\",\"target\":{\"@type\":\"EntryPoint\",\"urlTemplate\":\"https:\/\/neurozentrum.co.at\/?s={search_term_string}\"},\"query-input\":{\"@type\":\"PropertyValueSpecification\",\"valueRequired\":true,\"valueName\":\"search_term_string\"}}],\"inLanguage\":\"de\"}]}<\/script>\n<!-- \/ Yoast SEO plugin. -->","yoast_head_json":{"title":"\u00d6ffnungszeiten \/ Infos - Neurozentrum Wiener Neustadt","description":"Ordination Dr. Grie\u00dfmayer; Neurozentrum Wiener Neustadt; \u00d6ffnungszeiten","robots":{"index":"index","follow":"follow","max-snippet":"max-snippet:-1","max-image-preview":"max-image-preview:large","max-video-preview":"max-video-preview:-1"},"canonical":"https:\/\/neurozentrum.co.at\/?page_id=227","og_locale":"de_DE","og_type":"article","og_title":"\u00d6ffnungszeiten \/ Infos - Neurozentrum Wiener Neustadt","og_description":"Ordination Dr. Grie\u00dfmayer; Neurozentrum Wiener Neustadt; \u00d6ffnungszeiten","og_url":"https:\/\/neurozentrum.co.at\/?page_id=227","og_site_name":"Neurozentrum Wiener Neustadt","article_modified_time":"2020-11-10T07:41:22+00:00","twitter_card":"summary_large_image","schema":{"@context":"https:\/\/schema.org","@graph":[{"@type":"WebPage","@id":"https:\/\/neurozentrum.co.at\/?page_id=227","url":"https:\/\/neurozentrum.co.at\/?page_id=227","name":"\u00d6ffnungszeiten \/ Infos - Neurozentrum Wiener Neustadt","isPartOf":{"@id":"https:\/\/neurozentrum.co.at\/#website"},"datePublished":"2014-07-15T21:32:27+00:00","dateModified":"2020-11-10T07:41:22+00:00","description":"Ordination Dr. Grie\u00dfmayer; Neurozentrum Wiener Neustadt; \u00d6ffnungszeiten","breadcrumb":{"@id":"https:\/\/neurozentrum.co.at\/?page_id=227#breadcrumb"},"inLanguage":"de","potentialAction":[{"@type":"ReadAction","target":["https:\/\/neurozentrum.co.at\/?page_id=227"]}]},{"@type":"BreadcrumbList","@id":"https:\/\/neurozentrum.co.at\/?page_id=227#breadcrumb","itemListElement":[{"@type":"ListItem","position":1,"name":"Startseite","item":"https:\/\/neurozentrum.co.at\/"},{"@type":"ListItem","position":2,"name":"\u00d6ffnungszeiten \/ Infos"}]},{"@type":"WebSite","@id":"https:\/\/neurozentrum.co.at\/#website","url":"https:\/\/neurozentrum.co.at\/","name":"Neurozentrum Wiener Neustadt","description":"Dr. Franz Grie\u00dfmayer","potentialAction":[{"@type":"SearchAction","target":{"@type":"EntryPoint","urlTemplate":"https:\/\/neurozentrum.co.at\/?s={search_term_string}"},"query-input":{"@type":"PropertyValueSpecification","valueRequired":true,"valueName":"search_term_string"}}],"inLanguage":"de"}]}},"_links":{"self":[{"href":"https:\/\/neurozentrum.co.at\/index.php?rest_route=\/wp\/v2\/pages\/227","targetHints":{"allow":["GET"]}}],"collection":[{"href":"https:\/\/neurozentrum.co.at\/index.php?rest_route=\/wp\/v2\/pages"}],"about":[{"href":"https:\/\/neurozentrum.co.at\/index.php?rest_route=\/wp\/v2\/types\/page"}],"author":[{"embeddable":true,"href":"https:\/\/neurozentrum.co.at\/index.php?rest_route=\/wp\/v2\/users\/1"}],"replies":[{"embeddable":true,"href":"https:\/\/neurozentrum.co.at\/index.php?rest_route=%2Fwp%2Fv2%2Fcomments&post=227"}],"version-history":[{"count":0,"href":"https:\/\/neurozentrum.co.at\/index.php?rest_route=\/wp\/v2\/pages\/227\/revisions"}],"wp:attachment":[{"href":"https:\/\/neurozentrum.co.at\/index.php?rest_route=%2Fwp%2Fv2%2Fmedia&parent=227"}],"curies":[{"name":"wp","href":"https:\/\/api.w.org\/{rel}","templated":true}]}}